[INFO] fetching crate enso-shapely 0.2.0...
[INFO] building enso-shapely-0.2.0 against master#881c1ac408d93bb7adaa3a51dabab9266e82eee8 for issue-85264
[INFO] extracting crate enso-shapely 0.2.0 into /workspace/builds/worker-13/source
[INFO] validating manifest of crates.io crate enso-shapely 0.2.0 on toolchain 881c1ac408d93bb7adaa3a51dabab9266e82eee8
[INFO] running `Command { std: "/workspace/cargo-home/bin/cargo" "+881c1ac408d93bb7adaa3a51dabab9266e82eee8" "metadata" "--manifest-path" "Cargo.toml" "--no-deps", kill_on_drop: false }`
[INFO] started tweaking crates.io crate enso-shapely 0.2.0
[INFO] finished tweaking crates.io crate enso-shapely 0.2.0
[INFO] tweaked toml for crates.io crate enso-shapely 0.2.0 written to /workspace/builds/worker-13/source/Cargo.toml
[INFO] running `Command { std: "/workspace/cargo-home/bin/cargo" "+881c1ac408d93bb7adaa3a51dabab9266e82eee8" "generate-lockfile" "--manifest-path" "Cargo.toml" "-Zno-index-update", kill_on_drop: false }`
[INFO] running `Command { std: "/workspace/cargo-home/bin/cargo" "+881c1ac408d93bb7adaa3a51dabab9266e82eee8" "fetch" "--manifest-path" "Cargo.toml", kill_on_drop: false }`
[INFO] [stderr]  Downloading crates ...
[INFO] [stderr]   Downloaded enso-shapely-macros v0.2.1
[INFO] [stderr]   Downloaded shrinkwraprs v0.3.0
[INFO] running `Command { std: "docker" "create" "-v" "/var/lib/crater-agent-workspace/builds/worker-13/target:/opt/rustwide/target:rw,Z" "-v" "/var/lib/crater-agent-workspace/builds/worker-13/source:/opt/rustwide/workdir:ro,Z" "-v" "/var/lib/crater-agent-workspace/cargo-home:/opt/rustwide/cargo-home:ro,Z" "-v" "/var/lib/crater-agent-workspace/rustup-home:/opt/rustwide/rustup-home:ro,Z" "-e" "SOURCE_DIR=/opt/rustwide/workdir" "-e" "CARGO_TARGET_DIR=/opt/rustwide/target" "-e" "CARGO_HOME=/opt/rustwide/cargo-home" "-e" "RUSTUP_HOME=/opt/rustwide/rustup-home" "-w" "/opt/rustwide/workdir" "-m" "1610612736" "--user" "0:0" "--network" "none" "ghcr.io/rust-lang/crates-build-env/linux@sha256:20528e8c29e4536546f0102ce88568b16ea7538393a33fcca951030f7af10457" "/opt/rustwide/cargo-home/bin/cargo" "+881c1ac408d93bb7adaa3a51dabab9266e82eee8" "metadata" "--no-deps" "--format-version=1", kill_on_drop: false }`
[INFO] [stdout] f93706ebbd3b201bec0b62ca13cb5d2d8b6de603428b3b14c3815e46017500e7
[INFO] [stderr] WARNING: Your kernel does not support swap limit capabilities or the cgroup is not mounted. Memory limited without swap.
[INFO] running `Command { std: "docker" "start" "-a" "f93706ebbd3b201bec0b62ca13cb5d2d8b6de603428b3b14c3815e46017500e7", kill_on_drop: false }`
[INFO] running `Command { std: "docker" "inspect" "f93706ebbd3b201bec0b62ca13cb5d2d8b6de603428b3b14c3815e46017500e7", kill_on_drop: false }`
[INFO] running `Command { std: "docker" "rm" "-f" "f93706ebbd3b201bec0b62ca13cb5d2d8b6de603428b3b14c3815e46017500e7", kill_on_drop: false }`
[INFO] [stdout] f93706ebbd3b201bec0b62ca13cb5d2d8b6de603428b3b14c3815e46017500e7
[INFO] running `Command { std: "docker" "create" "-v" "/var/lib/crater-agent-workspace/builds/worker-13/target:/opt/rustwide/target:rw,Z" "-v" "/var/lib/crater-agent-workspace/builds/worker-13/source:/opt/rustwide/workdir:ro,Z" "-v" "/var/lib/crater-agent-workspace/cargo-home:/opt/rustwide/cargo-home:ro,Z" "-v" "/var/lib/crater-agent-workspace/rustup-home:/opt/rustwide/rustup-home:ro,Z" "-e" "SOURCE_DIR=/opt/rustwide/workdir" "-e" "CARGO_TARGET_DIR=/opt/rustwide/target" "-e" "CARGO_INCREMENTAL=0" "-e" "RUST_BACKTRACE=full" "-e" "RUSTFLAGS=--cap-lints=forbid" "-e" "CARGO_HOME=/opt/rustwide/cargo-home" "-e" "RUSTUP_HOME=/opt/rustwide/rustup-home" "-w" "/opt/rustwide/workdir" "-m" "1610612736" "--user" "0:0" "--network" "none" "ghcr.io/rust-lang/crates-build-env/linux@sha256:20528e8c29e4536546f0102ce88568b16ea7538393a33fcca951030f7af10457" "/opt/rustwide/cargo-home/bin/cargo" "+881c1ac408d93bb7adaa3a51dabab9266e82eee8" "build" "--frozen" "--message-format=json", kill_on_drop: false }`
[INFO] [stdout] eb87ab9b3c7d4293db453fefc254a95a78e937c247c5cb760082974c8f76983f
[INFO] [stderr] WARNING: Your kernel does not support swap limit capabilities or the cgroup is not mounted. Memory limited without swap.
[INFO] running `Command { std: "docker" "start" "-a" "eb87ab9b3c7d4293db453fefc254a95a78e937c247c5cb760082974c8f76983f", kill_on_drop: false }`
[INFO] [stderr]    Compiling syn v1.0.72
[INFO] [stderr]    Compiling memchr v2.4.0
[INFO] [stderr]    Compiling proc-macro-hack v0.5.19
[INFO] [stderr]    Compiling regex-syntax v0.6.25
[INFO] [stderr]    Compiling either v1.6.1
[INFO] [stderr]    Compiling bitflags v1.2.1
[INFO] [stderr]    Compiling rustversion v1.0.5
[INFO] [stderr]    Compiling lazy_static v1.4.0
[INFO] [stderr]    Compiling boolinator v2.4.0
[INFO] [stderr]    Compiling itertools v0.8.2
[INFO] [stderr]    Compiling aho-corasick v0.7.18
[INFO] [stderr]    Compiling paste-impl v0.1.18
[INFO] [stderr]    Compiling paste v0.1.18
[INFO] [stderr]    Compiling regex v1.5.4
[INFO] [stderr]    Compiling Inflector v0.11.4
[INFO] [stderr]    Compiling enso-macro-utils v0.2.0
[INFO] [stderr]    Compiling derivative v2.2.0
[INFO] [stderr]    Compiling shrinkwraprs v0.3.0
[INFO] [stderr]    Compiling enso-shapely-macros v0.2.1
[INFO] [stderr]    Compiling enso-shapely v0.2.0 (/opt/rustwide/workdir)
[INFO] [stderr]     Finished dev [unoptimized + debuginfo] target(s) in 23.49s
[INFO] running `Command { std: "docker" "inspect" "eb87ab9b3c7d4293db453fefc254a95a78e937c247c5cb760082974c8f76983f", kill_on_drop: false }`
[INFO] running `Command { std: "docker" "rm" "-f" "eb87ab9b3c7d4293db453fefc254a95a78e937c247c5cb760082974c8f76983f", kill_on_drop: false }`
[INFO] [stdout] eb87ab9b3c7d4293db453fefc254a95a78e937c247c5cb760082974c8f76983f
[INFO] running `Command { std: "docker" "create" "-v" "/var/lib/crater-agent-workspace/builds/worker-13/target:/opt/rustwide/target:rw,Z" "-v" "/var/lib/crater-agent-workspace/builds/worker-13/source:/opt/rustwide/workdir:ro,Z" "-v" "/var/lib/crater-agent-workspace/cargo-home:/opt/rustwide/cargo-home:ro,Z" "-v" "/var/lib/crater-agent-workspace/rustup-home:/opt/rustwide/rustup-home:ro,Z" "-e" "SOURCE_DIR=/opt/rustwide/workdir" "-e" "CARGO_TARGET_DIR=/opt/rustwide/target" "-e" "CARGO_INCREMENTAL=0" "-e" "RUST_BACKTRACE=full" "-e" "RUSTFLAGS=--cap-lints=forbid" "-e" "CARGO_HOME=/opt/rustwide/cargo-home" "-e" "RUSTUP_HOME=/opt/rustwide/rustup-home" "-w" "/opt/rustwide/workdir" "-m" "1610612736" "--user" "0:0" "--network" "none" "ghcr.io/rust-lang/crates-build-env/linux@sha256:20528e8c29e4536546f0102ce88568b16ea7538393a33fcca951030f7af10457" "/opt/rustwide/cargo-home/bin/cargo" "+881c1ac408d93bb7adaa3a51dabab9266e82eee8" "test" "--frozen" "--no-run" "--message-format=json", kill_on_drop: false }`
[INFO] [stdout] a5d87af12f7f30796d5621bac32daa896f1d717ebf2f3397b090b3f3b209621b
[INFO] [stderr] WARNING: Your kernel does not support swap limit capabilities or the cgroup is not mounted. Memory limited without swap.
[INFO] running `Command { std: "docker" "start" "-a" "a5d87af12f7f30796d5621bac32daa896f1d717ebf2f3397b090b3f3b209621b", kill_on_drop: false }`
[INFO] [stderr]     Blocking waiting for file lock on package cache
[INFO] [stderr]    Compiling wasm-bindgen-shared v0.2.74
[INFO] [stderr]    Compiling log v0.4.14
[INFO] [stderr]    Compiling cfg-if v1.0.0
[INFO] [stderr]    Compiling bumpalo v3.7.0
[INFO] [stderr]    Compiling wasm-bindgen v0.2.74
[INFO] [stderr]    Compiling proc-macro2 v0.4.30
[INFO] [stderr]    Compiling unicode-xid v0.1.0
[INFO] [stderr]    Compiling cfg-if v0.1.10
[INFO] [stderr]    Compiling futures v0.1.31
[INFO] [stderr]    Compiling scoped-tls v1.0.0
[INFO] [stderr]    Compiling wasm-bindgen-backend v0.2.74
[INFO] [stderr]    Compiling quote v0.6.13
[INFO] [stderr]    Compiling wasm-bindgen-test-macro v0.2.50
[INFO] [stderr]    Compiling wasm-bindgen-macro-support v0.2.74
[INFO] [stderr]    Compiling wasm-bindgen-macro v0.2.74
[INFO] [stderr]    Compiling js-sys v0.3.51
[INFO] [stderr]    Compiling console_error_panic_hook v0.1.6
[INFO] [stderr]    Compiling wasm-bindgen-futures v0.3.27
[INFO] [stderr]    Compiling wasm-bindgen-test v0.2.50
[INFO] [stderr]    Compiling enso-shapely v0.2.0 (/opt/rustwide/workdir)
[INFO] [stdout] error[E0432]: unresolved import `enso_prelude`
[INFO] [stdout]  --> tests/derive_clone_ref.rs:4:5
[INFO] [stdout]   |
[INFO] [stdout] 4 | use enso_prelude::*;
[INFO] [stdout]   |     ^^^^^^^^^^^^ use of undeclared crate or module `enso_prelude`
[INFO] [stdout] 
[INFO] [stdout] 
[INFO] [stdout] error: cannot find derive macro `CloneRef` in this scope
[INFO] [stdout]   --> tests/derive_clone_ref.rs:51:10
[INFO] [stdout]    |
[INFO] [stdout] 51 | #[derive(CloneRef,Clone)]
[INFO] [stdout]    |          ^^^^^^^^
[INFO] [stdout] 
[INFO] [stdout] 
[INFO] [stdout] error: cannot find attribute `clone_ref` in this scope
[INFO] [stdout]   --> tests/derive_clone_ref.rs:52:3
[INFO] [stdout]    |
[INFO] [stdout] 52 | #[clone_ref(bound="T:CloneRef")]
[INFO] [stdout]    |   ^^^^^^^^^
[INFO] [stdout] 
[INFO] [stdout] 
[INFO] [stdout] error: cannot find derive macro `CloneRef` in this scope
[INFO] [stdout]   --> tests/derive_clone_ref.rs:47:10
[INFO] [stdout]    |
[INFO] [stdout] 47 | #[derive(CloneRef,Derivative)]
[INFO] [stdout]    |          ^^^^^^^^
[INFO] [stdout] 
[INFO] [stdout] 
[INFO] [stdout] error: cannot find derive macro `Derivative` in this scope
[INFO] [stdout]   --> tests/derive_clone_ref.rs:47:19
[INFO] [stdout]    |
[INFO] [stdout] 47 | #[derive(CloneRef,Derivative)]
[INFO] [stdout]    |                   ^^^^^^^^^^
[INFO] [stdout] 
[INFO] [stdout] 
[INFO] [stdout] error: cannot find attribute `derivative` in this scope
[INFO] [stdout]   --> tests/derive_clone_ref.rs:48:3
[INFO] [stdout]    |
[INFO] [stdout] 48 | #[derivative(Clone(bound=""))]
[INFO] [stdout]    |   ^^^^^^^^^^
[INFO] [stdout] 
[INFO] [stdout] 
[INFO] [stdout] error: cannot find derive macro `CloneRef` in this scope
[INFO] [stdout]   --> tests/derive_clone_ref.rs:42:10
[INFO] [stdout]    |
[INFO] [stdout] 42 | #[derive(CloneRef,Derivative)]
[INFO] [stdout]    |          ^^^^^^^^
[INFO] [stdout] 
[INFO] [stdout] 
[INFO] [stdout] error: cannot find derive macro `Derivative` in this scope
[INFO] [stdout]   --> tests/derive_clone_ref.rs:42:19
[INFO] [stdout]    |
[INFO] [stdout] 42 | #[derive(CloneRef,Derivative)]
[INFO] [stdout]    |                   ^^^^^^^^^^
[INFO] [stdout] 
[INFO] [stdout] 
[INFO] [stdout] error: cannot find attribute `derivative` in this scope
[INFO] [stdout]   --> tests/derive_clone_ref.rs:43:3
[INFO] [stdout]    |
[INFO] [stdout] 43 | #[derivative(Clone(bound=""))]
[INFO] [stdout]    |   ^^^^^^^^^^
[INFO] [stdout] 
[INFO] [stdout] 
[INFO] [stdout] error: cannot find derive macro `CloneRef` in this scope
[INFO] [stdout]   --> tests/derive_clone_ref.rs:38:16
[INFO] [stdout]    |
[INFO] [stdout] 38 | #[derive(Clone,CloneRef)]
[INFO] [stdout]    |                ^^^^^^^^
[INFO] [stdout] 
[INFO] [stdout] 
[INFO] [stdout] error: cannot find attribute `clone_ref` in this scope
[INFO] [stdout]   --> tests/derive_clone_ref.rs:39:3
[INFO] [stdout]    |
[INFO] [stdout] 39 | #[clone_ref(bound="T:Clone+Display")]
[INFO] [stdout]    |   ^^^^^^^^^
[INFO] [stdout] 
[INFO] [stdout] 
[INFO] [stdout] error: cannot find derive macro `CloneRef` in this scope
[INFO] [stdout]   --> tests/derive_clone_ref.rs:34:10
[INFO] [stdout]    |
[INFO] [stdout] 34 | #[derive(CloneRef,Clone)]
[INFO] [stdout]    |          ^^^^^^^^
[INFO] [stdout] 
[INFO] [stdout] 
[INFO] [stdout] error: cannot find attribute `clone_ref` in this scope
[INFO] [stdout]   --> tests/derive_clone_ref.rs:35:3
[INFO] [stdout]    |
[INFO] [stdout] 35 | #[clone_ref(bound="T:CloneRef,U:CloneRef")]
[INFO] [stdout]    |   ^^^^^^^^^
[INFO] [stdout] 
[INFO] [stdout] 
[INFO] [stdout] error: cannot find derive macro `CloneRef` in this scope
[INFO] [stdout]   --> tests/derive_clone_ref.rs:30:10
[INFO] [stdout]    |
[INFO] [stdout] 30 | #[derive(CloneRef,Clone)]
[INFO] [stdout]    |          ^^^^^^^^
[INFO] [stdout] 
[INFO] [stdout] 
[INFO] [stdout] error: cannot find attribute `clone_ref` in this scope
[INFO] [stdout]   --> tests/derive_clone_ref.rs:31:3
[INFO] [stdout]    |
[INFO] [stdout] 31 | #[clone_ref(bound="T:CloneRef")]
[INFO] [stdout]    |   ^^^^^^^^^
[INFO] [stdout] 
[INFO] [stdout] 
[INFO] [stdout] error: cannot find derive macro `CloneRef` in this scope
[INFO] [stdout]   --> tests/derive_clone_ref.rs:26:10
[INFO] [stdout]    |
[INFO] [stdout] 26 | #[derive(CloneRef,Derivative)]
[INFO] [stdout]    |          ^^^^^^^^
[INFO] [stdout] 
[INFO] [stdout] 
[INFO] [stdout] error: cannot find derive macro `Derivative` in this scope
[INFO] [stdout]   --> tests/derive_clone_ref.rs:26:19
[INFO] [stdout]    |
[INFO] [stdout] 26 | #[derive(CloneRef,Derivative)]
[INFO] [stdout]    |                   ^^^^^^^^^^
[INFO] [stdout] 
[INFO] [stdout] 
[INFO] [stdout] error: cannot find attribute `derivative` in this scope
[INFO] [stdout]   --> tests/derive_clone_ref.rs:27:3
[INFO] [stdout]    |
[INFO] [stdout] 27 | #[derivative(Clone(bound=""))]
[INFO] [stdout]    |   ^^^^^^^^^^
[INFO] [stdout] 
[INFO] [stdout] 
[INFO] [stdout] error: cannot find derive macro `CloneRef` in this scope
[INFO] [stdout]   --> tests/derive_clone_ref.rs:18:16
[INFO] [stdout]    |
[INFO] [stdout] 18 | #[derive(Clone,CloneRef)] enum Enum {
[INFO] [stdout]    |                ^^^^^^^^
[INFO] [stdout] 
[INFO] [stdout] 
[INFO] [stdout] error: cannot find derive macro `CloneRef` in this scope
[INFO] [stdout]   --> tests/derive_clone_ref.rs:16:16
[INFO] [stdout]    |
[INFO] [stdout] 16 | #[derive(Clone,CloneRef)] enum EnumEmpty {}
[INFO] [stdout]    |                ^^^^^^^^
[INFO] [stdout] 
[INFO] [stdout] 
[INFO] [stdout] error: cannot find derive macro `CloneRef` in this scope
[INFO] [stdout]   --> tests/derive_clone_ref.rs:14:16
[INFO] [stdout]    |
[INFO] [stdout] 14 | #[derive(Clone,CloneRef)] struct StructNamed{named0:Rc<i32>,named1:Rc<String>}
[INFO] [stdout]    |                ^^^^^^^^
[INFO] [stdout] 
[INFO] [stdout] 
[INFO] [stdout] error: cannot find derive macro `CloneRef` in this scope
[INFO] [stdout]   --> tests/derive_clone_ref.rs:12:16
[INFO] [stdout]    |
[INFO] [stdout] 12 | #[derive(Clone,CloneRef)] struct StructNamedEmpty{}
[INFO] [stdout]    |                ^^^^^^^^
[INFO] [stdout] 
[INFO] [stdout] 
[INFO] [stdout] error: cannot find derive macro `CloneRef` in this scope
[INFO] [stdout]   --> tests/derive_clone_ref.rs:10:16
[INFO] [stdout]    |
[INFO] [stdout] 10 | #[derive(Clone,CloneRef)] struct StructUnnamed(Rc<i32>,Rc<String>);
[INFO] [stdout]    |                ^^^^^^^^
[INFO] [stdout] 
[INFO] [stdout] 
[INFO] [stdout] error: cannot find derive macro `CloneRef` in this scope
[INFO] [stdout]  --> tests/derive_clone_ref.rs:8:16
[INFO] [stdout]   |
[INFO] [stdout] 8 | #[derive(Clone,CloneRef)] struct StructUnnamedEmpty();
[INFO] [stdout]   |                ^^^^^^^^
[INFO] [stdout] 
[INFO] [stdout] 
[INFO] [stdout] error: cannot find derive macro `CloneRef` in this scope
[INFO] [stdout]  --> tests/derive_clone_ref.rs:6:16
[INFO] [stdout]   |
[INFO] [stdout] 6 | #[derive(Clone,CloneRef)] struct StructUnit;
[INFO] [stdout]   |                ^^^^^^^^
[INFO] [stdout] 
[INFO] [stdout] 
[INFO] [stdout] error[E0412]: cannot find type `Rc` in this scope
[INFO] [stdout]   --> tests/derive_clone_ref.rs:10:48
[INFO] [stdout]    |
[INFO] [stdout] 10 | #[derive(Clone,CloneRef)] struct StructUnnamed(Rc<i32>,Rc<String>);
[INFO] [stdout]    |                                                ^^ not found in this scope
[INFO] [stdout]    |
[INFO] [stdout] help: consider importing this struct
[INFO] [stdout]    |
[INFO] [stdout] 4  | use std::rc::Rc;
[INFO] [stdout]    |
[INFO] [stdout] 
[INFO] [stdout] 
[INFO] [stdout] error[E0412]: cannot find type `Rc` in this scope
[INFO] [stdout]   --> tests/derive_clone_ref.rs:10:56
[INFO] [stdout]    |
[INFO] [stdout] 10 | #[derive(Clone,CloneRef)] struct StructUnnamed(Rc<i32>,Rc<String>);
[INFO] [stdout]    |                                                        ^^ not found in this scope
[INFO] [stdout]    |
[INFO] [stdout] help: consider importing this struct
[INFO] [stdout]    |
[INFO] [stdout] 4  | use std::rc::Rc;
[INFO] [stdout]    |
[INFO] [stdout] 
[INFO] [stdout] 
[INFO] [stdout] error[E0412]: cannot find type `Rc` in this scope
[INFO] [stdout]   --> tests/derive_clone_ref.rs:14:53
[INFO] [stdout]    |
[INFO] [stdout] 14 | #[derive(Clone,CloneRef)] struct StructNamed{named0:Rc<i32>,named1:Rc<String>}
[INFO] [stdout]    |                                                     ^^ not found in this scope
[INFO] [stdout]    |
[INFO] [stdout] help: consider importing this struct
[INFO] [stdout]    |
[INFO] [stdout] 4  | use std::rc::Rc;
[INFO] [stdout]    |
[INFO] [stdout] 
[INFO] [stdout] 
[INFO] [stdout] error[E0412]: cannot find type `Rc` in this scope
[INFO] [stdout]   --> tests/derive_clone_ref.rs:14:68
[INFO] [stdout]    |
[INFO] [stdout] 14 | #[derive(Clone,CloneRef)] struct StructNamed{named0:Rc<i32>,named1:Rc<String>}
[INFO] [stdout]    |                                                                    ^^ not found in this scope
[INFO] [stdout]    |
[INFO] [stdout] help: consider importing this struct
[INFO] [stdout]    |
[INFO] [stdout] 4  | use std::rc::Rc;
[INFO] [stdout]    |
[INFO] [stdout] 
[INFO] [stdout] 
[INFO] [stdout] error[E0412]: cannot find type `Rc` in this scope
[INFO] [stdout]   --> tests/derive_clone_ref.rs:21:26
[INFO] [stdout]    |
[INFO] [stdout] 21 |     VariantNamed {named0:Rc<i32>,named1:Rc<String>},
[INFO] [stdout]    |                          ^^ not found in this scope
[INFO] [stdout]    |
[INFO] [stdout] help: consider importing this struct
[INFO] [stdout]    |
[INFO] [stdout] 4  | use std::rc::Rc;
[INFO] [stdout]    |
[INFO] [stdout] 
[INFO] [stdout] 
[INFO] [stdout] error[E0412]: cannot find type `Rc` in this scope
[INFO] [stdout]   --> tests/derive_clone_ref.rs:21:41
[INFO] [stdout]    |
[INFO] [stdout] 21 |     VariantNamed {named0:Rc<i32>,named1:Rc<String>},
[INFO] [stdout]    |                                         ^^ not found in this scope
[INFO] [stdout]    |
[INFO] [stdout] help: consider importing this struct
[INFO] [stdout]    |
[INFO] [stdout] 4  | use std::rc::Rc;
[INFO] [stdout]    |
[INFO] [stdout] 
[INFO] [stdout] 
[INFO] [stdout] error[E0412]: cannot find type `Rc` in this scope
[INFO] [stdout]   --> tests/derive_clone_ref.rs:23:20
[INFO] [stdout]    |
[INFO] [stdout] 23 |     VariantUnnamed(Rc<i32>,Rc<String>),
[INFO] [stdout]    |                    ^^ not found in this scope
[INFO] [stdout]    |
[INFO] [stdout] help: consider importing this struct
[INFO] [stdout]    |
[INFO] [stdout] 4  | use std::rc::Rc;
[INFO] [stdout]    |
[INFO] [stdout] 
[INFO] [stdout] 
[INFO] [stdout] error[E0412]: cannot find type `Rc` in this scope
[INFO] [stdout]   --> tests/derive_clone_ref.rs:23:28
[INFO] [stdout]    |
[INFO] [stdout] 23 |     VariantUnnamed(Rc<i32>,Rc<String>),
[INFO] [stdout]    |                            ^^ not found in this scope
[INFO] [stdout]    |
[INFO] [stdout] help: consider importing this struct
[INFO] [stdout]    |
[INFO] [stdout] 4  | use std::rc::Rc;
[INFO] [stdout]    |
[INFO] [stdout] 
[INFO] [stdout] 
[INFO] [stdout] error[E0412]: cannot find type `Rc` in this scope
[INFO] [stdout]   --> tests/derive_clone_ref.rs:28:32
[INFO] [stdout]    |
[INFO] [stdout] 28 | struct StructUnnamedUnbound<T>(Rc<T>);
[INFO] [stdout]    |                                ^^ not found in this scope
[INFO] [stdout]    |
[INFO] [stdout] help: consider importing this struct
[INFO] [stdout]    |
[INFO] [stdout] 4  | use std::rc::Rc;
[INFO] [stdout]    |
[INFO] [stdout] 
[INFO] [stdout] 
[INFO] [stdout] error[E0405]: cannot find trait `Display` in this scope
[INFO] [stdout]   --> tests/derive_clone_ref.rs:40:29
[INFO] [stdout]    |
[INFO] [stdout] 40 | struct StructBoundGeneric<T:Display>(Rc<T>);
[INFO] [stdout]    |                             ^^^^^^^ not found in this scope
[INFO] [stdout]    |
[INFO] [stdout] help: consider importing one of these items
[INFO] [stdout]    |
[INFO] [stdout] 4  | use core::fmt::Display;
[INFO] [stdout]    |
[INFO] [stdout] 4  | use std::fmt::Display;
[INFO] [stdout]    |
[INFO] [stdout] 
[INFO] [stdout] 
[INFO] [stdout] error[E0412]: cannot find type `Rc` in this scope
[INFO] [stdout]   --> tests/derive_clone_ref.rs:40:38
[INFO] [stdout]    |
[INFO] [stdout] 40 | struct StructBoundGeneric<T:Display>(Rc<T>);
[INFO] [stdout]    |                                      ^^ not found in this scope
[INFO] [stdout]    |
[INFO] [stdout] help: consider importing this struct
[INFO] [stdout]    |
[INFO] [stdout] 4  | use std::rc::Rc;
[INFO] [stdout]    |
[INFO] [stdout] 
[INFO] [stdout] 
[INFO] [stdout] error[E0412]: cannot find type `Rc` in this scope
[INFO] [stdout]   --> tests/derive_clone_ref.rs:45:34
[INFO] [stdout]    |
[INFO] [stdout] 45 | struct StructGenericLifetime<'t>(Rc<&'t String>);
[INFO] [stdout]    |                                  ^^ not found in this scope
[INFO] [stdout]    |
[INFO] [stdout] help: consider importing this struct
[INFO] [stdout]    |
[INFO] [stdout] 4  | use std::rc::Rc;
[INFO] [stdout]    |
[INFO] [stdout] 
[INFO] [stdout] 
[INFO] [stdout] error[E0404]: expected trait, found derive macro `Debug`
[INFO] [stdout]   --> tests/derive_clone_ref.rs:49:44
[INFO] [stdout]    |
[INFO] [stdout] 49 | struct StructWhereClause<T>(Rc<T>) where T:Debug;
[INFO] [stdout]    |                                            ^^^^^ not a trait
[INFO] [stdout]    |
[INFO] [stdout] help: consider importing one of these items instead
[INFO] [stdout]    |
[INFO] [stdout] 4  | use core::fmt::Debug;
[INFO] [stdout]    |
[INFO] [stdout] 4  | use std::fmt::Debug;
[INFO] [stdout]    |
[INFO] [stdout] 
[INFO] [stdout] 
[INFO] [stdout] error[E0412]: cannot find type `Rc` in this scope
[INFO] [stdout]   --> tests/derive_clone_ref.rs:49:29
[INFO] [stdout]    |
[INFO] [stdout] 49 | struct StructWhereClause<T>(Rc<T>) where T:Debug;
[INFO] [stdout]    |                             ^^ not found in this scope
[INFO] [stdout]    |
[INFO] [stdout] help: consider importing this struct
[INFO] [stdout]    |
[INFO] [stdout] 4  | use std::rc::Rc;
[INFO] [stdout]    |
[INFO] [stdout] 
[INFO] [stdout] 
[INFO] [stdout] error[E0405]: cannot find trait `Display` in this scope
[INFO] [stdout]   --> tests/derive_clone_ref.rs:54:30
[INFO] [stdout]    |
[INFO] [stdout] 54 | struct StructVariousBounds<T:Display>(T) where T:Debug;
[INFO] [stdout]    |                              ^^^^^^^ not found in this scope
[INFO] [stdout]    |
[INFO] [stdout] help: consider importing one of these items
[INFO] [stdout]    |
[INFO] [stdout] 4  | use core::fmt::Display;
[INFO] [stdout]    |
[INFO] [stdout] 4  | use std::fmt::Display;
[INFO] [stdout]    |
[INFO] [stdout] 
[INFO] [stdout] 
[INFO] [stdout] error[E0404]: expected trait, found derive macro `Debug`
[INFO] [stdout]   --> tests/derive_clone_ref.rs:54:50
[INFO] [stdout]    |
[INFO] [stdout] 54 | struct StructVariousBounds<T:Display>(T) where T:Debug;
[INFO] [stdout]    |                                                  ^^^^^ not a trait
[INFO] [stdout]    |
[INFO] [stdout] help: consider importing one of these items instead
[INFO] [stdout]    |
[INFO] [stdout] 4  | use core::fmt::Debug;
[INFO] [stdout]    |
[INFO] [stdout] 4  | use std::fmt::Debug;
[INFO] [stdout]    |
[INFO] [stdout] 
[INFO] [stdout] 
[INFO] [stdout] error: aborting due to 41 previous errors
[INFO] [stdout] 
[INFO] [stdout] 
[INFO] [stdout] Some errors have detailed explanations: E0404, E0405, E0412, E0432.
[INFO] [stdout] 
[INFO] [stdout] For more information about an error, try `rustc --explain E0404`.
[INFO] [stdout] 
[INFO] [stderr] error: could not compile `enso-shapely`
[INFO] [stderr] 
[INFO] [stderr] To learn more, run the command again with --verbose.
[INFO] [stderr] warning: build failed, waiting for other jobs to finish...
[INFO] [stderr] error: build failed
[INFO] running `Command { std: "docker" "inspect" "a5d87af12f7f30796d5621bac32daa896f1d717ebf2f3397b090b3f3b209621b", kill_on_drop: false }`
[INFO] running `Command { std: "docker" "rm" "-f" "a5d87af12f7f30796d5621bac32daa896f1d717ebf2f3397b090b3f3b209621b", kill_on_drop: false }`
[INFO] [stdout] a5d87af12f7f30796d5621bac32daa896f1d717ebf2f3397b090b3f3b209621b
